{"id":9537,"date":"2024-08-07T13:31:00","date_gmt":"2024-08-07T11:31:00","guid":{"rendered":"http:\/\/mafacture.be\/?page_id=9537"},"modified":"2025-02-07T17:19:24","modified_gmt":"2025-02-07T16:19:24","slug":"devis","status":"publish","type":"page","link":"https:\/\/mafacture.be\/index.php\/devis\/","title":{"rendered":"Devis"},"content":{"rendered":"\t\t<div data-elementor-type=\"wp-page\" data-elementor-id=\"9537\" class=\"elementor elementor-9537\">\n\t\t\t\t<div class=\"elementor-element elementor-element-73f214d e-flex e-con-boxed e-con e-parent\" data-id=\"73f214d\" data-element_type=\"container\" data-e-type=\"container\">\n\t\t\t\t\t<div class=\"e-con-inner\">\n\t\t\t\t<div class=\"elementor-element elementor-element-fbdbc4d elementor-widget elementor-widget-restly_title2\" data-id=\"fbdbc4d\" data-element_type=\"widget\" data-e-type=\"widget\" data-widget_type=\"restly_title2.default\">\n\t\t\t\t<div class=\"elementor-widget-container\">\n\t\t\t\t\t        <div class=\"section-title-wrapper-v2\">\r\n            <div class=\"section-title\">\r\n                                    <span class=\"sub-title-two\"\r\n                                        >\ud83d\udcc8 Boostez votre gestion maintenant !<\/span>\r\n                                <h2 class=\"section-h2\">G\u00e9n\u00e9rez, suivez et transformez vos devis en factures en un clic<\/h2>\r\n            <\/div>\r\n        <\/div>\r\n        \t\t\t\t<\/div>\n\t\t\t\t<\/div>\n\t\t\t\t<div class=\"elementor-element elementor-element-457b3cd elementor-widget elementor-widget-text-editor\" data-id=\"457b3cd\" data-element_type=\"widget\" data-e-type=\"widget\" data-widget_type=\"text-editor.default\">\n\t\t\t\t<div class=\"elementor-widget-container\">\n\t\t\t\t\t\t\t\t\t<h3><strong>Ne perdez plus de temps \u00e0 cr\u00e9er vos devis !<\/strong><\/h3><p>R\u00e9diger un devis peut parfois \u00eatre fastidieux : chercher les bonnes informations, calculer les montants, v\u00e9rifier la TVA, ajuster les remises\u2026 Sans un bon outil, cela devient vite une perte de temps et une source d\u2019erreurs. Et si vous pouviez automatiser cette t\u00e2che en quelques secondes ?<\/p>\t\t\t\t\t\t\t\t<\/div>\n\t\t\t\t<\/div>\n\t\t\t\t<div class=\"elementor-element elementor-element-d102337 elementor-widget elementor-widget-text-editor\" data-id=\"d102337\" data-element_type=\"widget\" data-e-type=\"widget\" data-widget_type=\"text-editor.default\">\n\t\t\t\t<div class=\"elementor-widget-container\">\n\t\t\t\t\t\t\t\t\t<h3><strong>Dites adieu aux devis complexes et aux erreurs<\/strong><\/h3><p>Avec une solution intuitive et 100% en ligne, la cr\u00e9ation de devis devient simple, rapide et professionnelle. En quelques clics, ajoutez vos prestations, appliquez vos conditions et envoyez un devis clair et soign\u00e9 \u00e0 vos clients.<\/p>\t\t\t\t\t\t\t\t<\/div>\n\t\t\t\t<\/div>\n\t\t\t\t<div class=\"elementor-element elementor-element-4975ffa elementor-widget elementor-widget-text-editor\" data-id=\"4975ffa\" data-element_type=\"widget\" data-e-type=\"widget\" data-widget_type=\"text-editor.default\">\n\t\t\t\t<div class=\"elementor-widget-container\">\n\t\t\t\t\t\t\t\t\t<h3><strong>Transformez chaque opportunit\u00e9 en vente avec un suivi pr\u00e9cis<\/strong><\/h3><p>Suivez en temps r\u00e9el l\u2019\u00e9tat de vos devis : consult\u00e9, accept\u00e9, en attente. Relancez facilement vos clients et ne manquez plus jamais une opportunit\u00e9 commerciale. Mieux encore, transformez votre devis en facture en un seul clic d\u00e8s qu\u2019il est valid\u00e9 !<\/p>\t\t\t\t\t\t\t\t<\/div>\n\t\t\t\t<\/div>\n\t\t\t\t<div class=\"elementor-element elementor-element-1507751 elementor-widget elementor-widget-text-editor\" data-id=\"1507751\" data-element_type=\"widget\" data-e-type=\"widget\" data-widget_type=\"text-editor.default\">\n\t\t\t\t<div class=\"elementor-widget-container\">\n\t\t\t\t\t\t\t\t\t<h3><strong>Comment l\u2019ERP de mafacture.be va vous aider au quotidien ?<\/strong><\/h3><ul><li><strong>Gain de temps<\/strong> : Plus besoin de cr\u00e9er manuellement chaque devis, tout est automatis\u00e9.<\/li><li><strong>Suivi simplifi\u00e9<\/strong> : Identifiez instantan\u00e9ment les devis en attente ou accept\u00e9s.<\/li><li><strong>Transformation instantan\u00e9e<\/strong> : Convertissez vos devis en factures sans ressaisir d\u2019informations.<\/li><li><strong>Accessible partout<\/strong> : G\u00e9rez vos devis depuis votre ordinateur, tablette ou smartphone.<\/li><\/ul>\t\t\t\t\t\t\t\t<\/div>\n\t\t\t\t<\/div>\n\t\t\t\t\t<\/div>\n\t\t\t\t<\/div>\n\t\t<div class=\"elementor-element elementor-element-2fcbca2 e-flex e-con-boxed e-con e-parent\" data-id=\"2fcbca2\" data-element_type=\"container\" data-e-type=\"container\">\n\t\t\t\t\t<div class=\"e-con-inner\">\n\t\t\t\t<div class=\"elementor-element elementor-element-e40b49f elementor-widget elementor-widget-call_to_action\" data-id=\"e40b49f\" data-element_type=\"widget\" data-e-type=\"widget\" data-widget_type=\"call_to_action.default\">\n\t\t\t\t<div class=\"elementor-widget-container\">\n\t\t\t\t\t\r\n        <script>\r\n        jQuery(document).ready(function($) {\r\n            \"use strict\";\r\n            $(\"#video-btn\").magnificPopup({\r\n                disableOn: 700,\r\n                type: \"iframe\",\r\n                mainClass: \"mfp-fade\",\r\n                removalDelay: 160,\r\n                preloader: false,\r\n                fixedContentPos: false\r\n            });\r\n        });\r\n        <\/script>         <div class=\"cta-button-wrapper\">\r\n                         <a href=\"https:\/\/mafacture.be\/index.php\/essayez-gratuitement\/\" target=\"_blank\" rel=\"nofollow\" class=\"theme-btns\">\r\n                    \ud83d\ude80 Passez \u00e0 la gestion 100 % simplifi\u00e9e ! \r\n                                    <\/a>\r\n                                        <div class=\"cta_button-area\">\r\n                    <div class=\"cta-button-icon\"> \r\n                    <svg aria-hidden=\"true\" class=\"e-font-icon-svg e-fas-phone-alt\" viewBox=\"0 0 512 512\" xmlns=\"http:\/\/www.w3.org\/2000\/svg\"><path d=\"M497.39 361.8l-112-48a24 24 0 0 0-28 6.9l-49.6 60.6A370.66 370.66 0 0 1 130.6 204.11l60.6-49.6a23.94 23.94 0 0 0 6.9-28l-48-112A24.16 24.16 0 0 0 122.6.61l-104 24A24 24 0 0 0 0 48c0 256.5 207.9 464 464 464a24 24 0 0 0 23.4-18.6l24-104a24.29 24.29 0 0 0-14.01-27.6z\"><\/path><\/svg>\t\t\t\t\t\t\t\t\r\n                    <\/div>\r\n                    <div class=\"cta-button-content\">\r\n                        <div class=\"cta-button-title\">  Une question ? Nous sommes l\u00e0 pour vous aider  <\/div>\r\n                        <div class=\"cta-button-number\"> +32 472.88.18.33 <\/div>\r\n                    <\/div>\r\n                <\/div>\r\n                                <\/div>\r\n        \t\t\t\t<\/div>\n\t\t\t\t<\/div>\n\t\t\t\t\t<\/div>\n\t\t\t\t<\/div>\n\t\t\t\t<\/div>\n\t\t","protected":false},"excerpt":{"rendered":"<p>\ud83d\udcc8 Boostez votre gestion maintenant ! G\u00e9n\u00e9rez, suivez et transformez vos devis en factures en un clic Ne perdez plus de temps \u00e0 cr\u00e9er vos devis ! R\u00e9diger un devis peut parfois \u00eatre fastidieux : chercher les bonnes informations, calculer les montants, v\u00e9rifier la TVA, ajuster les remises\u2026 Sans un bon outil, cela devient vite [&hellip;]<\/p>\n","protected":false},"author":2,"featured_media":0,"parent":0,"menu_order":0,"comment_status":"closed","ping_status":"closed","template":"","meta":{"footnotes":""},"class_list":["post-9537","page","type-page","status-publish","hentry"],"_links":{"self":[{"href":"https:\/\/mafacture.be\/index.php\/wp-json\/wp\/v2\/pages\/9537","targetHints":{"allow":["GET"]}}],"collection":[{"href":"https:\/\/mafacture.be\/index.php\/wp-json\/wp\/v2\/pages"}],"about":[{"href":"https:\/\/mafacture.be\/index.php\/wp-json\/wp\/v2\/types\/page"}],"author":[{"embeddable":true,"href":"https:\/\/mafacture.be\/index.php\/wp-json\/wp\/v2\/users\/2"}],"replies":[{"embeddable":true,"href":"https:\/\/mafacture.be\/index.php\/wp-json\/wp\/v2\/comments?post=9537"}],"version-history":[{"count":19,"href":"https:\/\/mafacture.be\/index.php\/wp-json\/wp\/v2\/pages\/9537\/revisions"}],"predecessor-version":[{"id":10102,"href":"https:\/\/mafacture.be\/index.php\/wp-json\/wp\/v2\/pages\/9537\/revisions\/10102"}],"wp:attachment":[{"href":"https:\/\/mafacture.be\/index.php\/wp-json\/wp\/v2\/media?parent=9537"}],"curies":[{"name":"wp","href":"https:\/\/api.w.org\/{rel}","templated":true}]}}