{"id":9559,"date":"2024-08-07T13:59:08","date_gmt":"2024-08-07T11:59:08","guid":{"rendered":"http:\/\/mafacture.be\/?page_id=9559"},"modified":"2025-02-07T17:22:56","modified_gmt":"2025-02-07T16:22:56","slug":"produits","status":"publish","type":"page","link":"https:\/\/mafacture.be\/index.php\/produits\/","title":{"rendered":"G\u00e9rer mes Produits"},"content":{"rendered":"\t\t<div data-elementor-type=\"wp-page\" data-elementor-id=\"9559\" class=\"elementor elementor-9559\">\n\t\t\t\t<div class=\"elementor-element elementor-element-53721f3 e-flex e-con-boxed e-con e-parent\" data-id=\"53721f3\" data-element_type=\"container\" data-e-type=\"container\">\n\t\t\t\t\t<div class=\"e-con-inner\">\n\t\t\t\t<div class=\"elementor-element elementor-element-b0ac809 elementor-widget elementor-widget-spacer\" data-id=\"b0ac809\" data-element_type=\"widget\" data-e-type=\"widget\" data-widget_type=\"spacer.default\">\n\t\t\t\t<div class=\"elementor-widget-container\">\n\t\t\t\t\t\t\t<div class=\"elementor-spacer\">\n\t\t\t<div class=\"elementor-spacer-inner\"><\/div>\n\t\t<\/div>\n\t\t\t\t\t\t<\/div>\n\t\t\t\t<\/div>\n\t\t\t\t<div class=\"elementor-element elementor-element-3079078 elementor-widget elementor-widget-restly_title2\" data-id=\"3079078\" data-element_type=\"widget\" data-e-type=\"widget\" data-widget_type=\"restly_title2.default\">\n\t\t\t\t<div class=\"elementor-widget-container\">\n\t\t\t\t\t        <div class=\"section-title-wrapper-v2\">\r\n            <div class=\"section-title\">\r\n                                    <span class=\"sub-title-two\"\r\n                                        >Optimisez la gestion de vos produits facilement<\/span>\r\n                                <h2 class=\"section-h2\">Gagnez du temps et de l'efficacit\u00e9 dans la gestion de vos produits \ud83d\udce6<\/h2>\r\n            <\/div>\r\n        <\/div>\r\n        \t\t\t\t<\/div>\n\t\t\t\t<\/div>\n\t\t\t\t\t<\/div>\n\t\t\t\t<\/div>\n\t\t<div class=\"elementor-element elementor-element-7f59464 e-flex e-con-boxed e-con e-parent\" data-id=\"7f59464\" data-element_type=\"container\" data-e-type=\"container\">\n\t\t\t\t\t<div class=\"e-con-inner\">\n\t\t\t\t<div class=\"elementor-element elementor-element-9d7c769 elementor-widget elementor-widget-text-editor\" data-id=\"9d7c769\" data-element_type=\"widget\" data-e-type=\"widget\" data-widget_type=\"text-editor.default\">\n\t\t\t\t<div class=\"elementor-widget-container\">\n\t\t\t\t\t\t\t\t\t<p data-pm-slice=\"1 1 []\">G\u00e9rer ses produits peut vite devenir un casse-t\u00eate. Entre les stocks, les r\u00e9f\u00e9rences, les fournisseurs et les ventes, il est facile de perdre le fil. Vous \u00eates commer\u00e7ant, responsable de magasin ou chef d&rsquo;entreprise ? Cette page est faite pour vous. Imaginez un outil qui centralise toutes les informations de vos produits, vous \u00e9vite les erreurs et vous fait gagner un temps pr\u00e9cieux. C&rsquo;est exactement ce que propose <a href=\"http:\/\/mafacture.be\">mafacture.be<\/a>.<\/p>\t\t\t\t\t\t\t\t<\/div>\n\t\t\t\t<\/div>\n\t\t\t\t\t<\/div>\n\t\t\t\t<\/div>\n\t\t<div class=\"elementor-element elementor-element-94e410f e-flex e-con-boxed e-con e-parent\" data-id=\"94e410f\" data-element_type=\"container\" data-e-type=\"container\">\n\t\t\t\t\t<div class=\"e-con-inner\">\n\t\t\t\t<div class=\"elementor-element elementor-element-e0875df elementor-widget elementor-widget-text-editor\" data-id=\"e0875df\" data-element_type=\"widget\" data-e-type=\"widget\" data-widget_type=\"text-editor.default\">\n\t\t\t\t<div class=\"elementor-widget-container\">\n\t\t\t\t\t\t\t\t\t<h3 data-pm-slice=\"1 1 []\">Comment \u00e7a fonctionne sur mafacture.be ?<\/h3><p>Avec mafacture.be, la gestion de vos produits devient un jeu d&rsquo;enfant. Voici comment :<\/p><ul><li>\ud83d\udcdd Cr\u00e9ation rapide de fiches produits : Ajoutez vos articles en quelques clics avec toutes les informations n\u00e9cessaires : nom, description, prix, codes-barres, photos, etc.<\/li><li>\ud83d\udcca Suivi des stocks en temps r\u00e9el : Visualisez instantan\u00e9ment le niveau de vos stocks, recevez des alertes lorsqu&rsquo;un produit est sur le point de manquer.<\/li><li>\ud83e\udd1d Gestion des fournisseurs simplifi\u00e9e : Associez chaque produit \u00e0 ses fournisseurs pour un suivi optimal des commandes et des livraisons.<\/li><li>\ud83d\udcc8 Analyse des performances : Consultez des rapports d\u00e9taill\u00e9s sur les ventes de chaque produit, identifiez vos best-sellers et anticipez les tendances.<\/li><li>\ud83d\udd17 Int\u00e9gration facile avec d&rsquo;autres modules : Connectez la gestion des produits \u00e0 la facturation, \u00e0 la comptabilit\u00e9 et m\u00eame \u00e0 votre boutique en ligne.<\/li><\/ul><p>Le tout est accessible en ligne, o\u00f9 que vous soyez, sans besoin d&rsquo;installation complexe.<\/p><div><hr \/><\/div><h3>Services associ\u00e9s de mafacture.be \ud83d\ude80<\/h3><p>En plus de la gestion des produits, mafacture.be vous offre :<\/p><ul data-spread=\"false\"><li><p>Facturation automatique pour transformer vos ventes en factures en un clic.<\/p><\/li><li><p>Gestion des stocks avanc\u00e9e pour un contr\u00f4le encore plus pr\u00e9cis.<\/p><\/li><li><p>Support client r\u00e9actif pour vous accompagner en cas de besoin.<\/p><\/li><li><p>Mises \u00e0 jour r\u00e9guli\u00e8res pour b\u00e9n\u00e9ficier des derni\u00e8res am\u00e9liorations sans effort.<\/p><\/li><\/ul><p>Adoptez une gestion moderne, simple et efficace de vos produits avec <a href=\"http:\/\/mafacture.be\">mafacture.be<\/a> ! \ud83c\udf1f<\/p>\t\t\t\t\t\t\t\t<\/div>\n\t\t\t\t<\/div>\n\t\t\t\t<div class=\"elementor-element elementor-element-4628560 elementor-widget elementor-widget-restly_title\" data-id=\"4628560\" data-element_type=\"widget\" data-e-type=\"widget\" data-widget_type=\"restly_title.default\">\n\t\t\t\t<div class=\"elementor-widget-container\">\n\t\t\t\t\t        <div class=\"restly-section-title-wrapper\">\r\n            <div class=\"restly-section-title\">\r\n                <h6 class=\"restly-section-stitle\"><span>Go ! <\/span><\/h6>                \r\n                <h2 class=\"restly-section-title\">Demandez votre d\u00e9mo en une minute<\/h2> \r\n            <\/div>\r\n        <\/div>\r\n        \t\t\t\t<\/div>\n\t\t\t\t<\/div>\n\t\t\t\t<div class=\"elementor-element elementor-element-529e28b elementor-widget elementor-widget-restly_ctf7\" data-id=\"529e28b\" data-element_type=\"widget\" data-e-type=\"widget\" data-widget_type=\"restly_ctf7.default\">\n\t\t\t\t<div class=\"elementor-widget-container\">\n\t\t\t\t\t        <div class=\"restly-ctf7s-wrapper\">\r\n        \n<div class=\"wpcf7 no-js\" id=\"wpcf7-f9980-o1\" lang=\"en-US\" dir=\"ltr\" data-wpcf7-id=\"9980\">\n<div class=\"screen-reader-response\"><p role=\"status\" aria-live=\"polite\" aria-atomic=\"true\"><\/p> <ul><\/ul><\/div>\n<form action=\"\/index.php\/wp-json\/wp\/v2\/pages\/9559#wpcf7-f9980-o1\" method=\"post\" class=\"wpcf7-form init\" aria-label=\"Contact form\" novalidate=\"novalidate\" data-status=\"init\">\n<fieldset class=\"hidden-fields-container\"><input type=\"hidden\" name=\"_wpcf7\" value=\"9980\" \/><input type=\"hidden\" name=\"_wpcf7_version\" value=\"6.1.5\" \/><input type=\"hidden\" name=\"_wpcf7_locale\" value=\"en_US\" \/><input type=\"hidden\" name=\"_wpcf7_unit_tag\" value=\"wpcf7-f9980-o1\" \/><input type=\"hidden\" name=\"_wpcf7_container_post\" value=\"0\" \/><input type=\"hidden\" name=\"_wpcf7_posted_data_hash\" value=\"\" \/><input type=\"hidden\" name=\"_wpcf7_recaptcha_response\" value=\"\" \/>\n<\/fieldset>\n<div class=\"restly-contact-form\">\n    <div class=\"row\">\n        <div class=\"col-12 col-md-6\">\n            <div class=\"restly-input name\"><span class=\"wpcf7-form-control-wrap\" data-name=\"fullname\"><input size=\"40\" maxlength=\"400\" class=\"wpcf7-form-control wpcf7-text wpcf7-validates-as-required\" aria-required=\"true\" aria-invalid=\"false\" placeholder=\"Nom et pr\u00e9nom\" value=\"\" type=\"text\" name=\"fullname\" \/><\/span><\/div>\n        <\/div>\n        <div class=\"col-12 col-md-6\">\n            <div class=\"restly-input company\"><span class=\"wpcf7-form-control-wrap\" data-name=\"companyname\"><input size=\"40\" maxlength=\"400\" class=\"wpcf7-form-control wpcf7-text wpcf7-validates-as-required\" aria-required=\"true\" aria-invalid=\"false\" placeholder=\"Nom de l&#039;entreprise\" value=\"\" type=\"text\" name=\"companyname\" \/><\/span><\/div>\n        <\/div>\n        <div class=\"col-12 col-md-6\">\n            <div class=\"restly-input email\"><span class=\"wpcf7-form-control-wrap\" data-name=\"youremail\"><input size=\"40\" maxlength=\"400\" class=\"wpcf7-form-control wpcf7-email wpcf7-validates-as-required wpcf7-text wpcf7-validates-as-email\" aria-required=\"true\" aria-invalid=\"false\" placeholder=\"Email professionnel\" value=\"\" type=\"email\" name=\"youremail\" \/><\/span><\/div>\n        <\/div>\n        <div class=\"col-12 col-md-6\">\n            <div class=\"restly-input phone\"><span class=\"wpcf7-form-control-wrap\" data-name=\"yourphone\"><input size=\"40\" maxlength=\"400\" class=\"wpcf7-form-control wpcf7-tel wpcf7-validates-as-required wpcf7-text wpcf7-validates-as-tel\" aria-required=\"true\" aria-invalid=\"false\" placeholder=\"Num\u00e9ro de t\u00e9l\u00e9phone\" value=\"\" type=\"tel\" name=\"yourphone\" \/><\/span><\/div>\n        <\/div>\n        <div class=\"col-12 col-md-12\">\n            <div class=\"restly-input website\"><span class=\"wpcf7-form-control-wrap\" data-name=\"yourwebsite\"><input size=\"40\" maxlength=\"400\" class=\"wpcf7-form-control wpcf7-url wpcf7-text wpcf7-validates-as-url\" aria-invalid=\"false\" placeholder=\"Site web (optionnel)\" value=\"\" type=\"url\" name=\"yourwebsite\" \/><\/span><\/div>\n        <\/div>\n        <div class=\"col-12 col-md-12\">\n            <div class=\"restly-input select\"><span class=\"wpcf7-form-control-wrap\" data-name=\"tarif-option\"><select class=\"wpcf7-form-control wpcf7-select wpcf7-validates-as-required\" aria-required=\"true\" aria-invalid=\"false\" name=\"tarif-option\"><option value=\"Type de soci\u00e9t\u00e9\">Type de soci\u00e9t\u00e9<\/option><option value=\"Starter ou ind\u00e9pendant\">Starter ou ind\u00e9pendant<\/option><option value=\"Entreprise (PME)\">Entreprise (PME)<\/option><option value=\"Gold (besoin avanc\u00e9s)\">Gold (besoin avanc\u00e9s)<\/option><\/select><\/span><\/div>\n        <\/div>\n        <div class=\"col-12 col-md-12\">\n            <div class=\"restly-input message\"><span class=\"wpcf7-form-control-wrap\" data-name=\"WriteMessage\"><textarea cols=\"10\" rows=\"5\" maxlength=\"2000\" class=\"wpcf7-form-control wpcf7-textarea wpcf7-validates-as-required\" aria-required=\"true\" aria-invalid=\"false\" placeholder=\"D\u00e9crivez vos besoins ou attentes\" name=\"WriteMessage\"><\/textarea><\/span><\/div>\n        <\/div>\n        <div class=\"col-12 col-md-12\">\n            <div class=\"restly-message-btn\">\n                <input class=\"wpcf7-form-control wpcf7-submit has-spinner\" type=\"submit\" value=\"Demander une d\u00e9mo\" \/>\n            <\/div>\n        <\/div>\n    <\/div>\n<\/div><p style=\"display: none !important;\" class=\"akismet-fields-container\" data-prefix=\"_wpcf7_ak_\"><label>&#916;<textarea name=\"_wpcf7_ak_hp_textarea\" cols=\"45\" rows=\"8\" maxlength=\"100\"><\/textarea><\/label><input type=\"hidden\" id=\"ak_js_1\" name=\"_wpcf7_ak_js\" value=\"122\"\/><script>document.getElementById( \"ak_js_1\" ).setAttribute( \"value\", ( new Date() ).getTime() );<\/script><\/p><div class=\"wpcf7-response-output\" aria-hidden=\"true\"><\/div>\n<\/form>\n<\/div>\n        <\/div>\r\n        \t\t\t\t<\/div>\n\t\t\t\t<\/div>\n\t\t\t\t\t<\/div>\n\t\t\t\t<\/div>\n\t\t\t\t<\/div>\n\t\t","protected":false},"excerpt":{"rendered":"<p>Optimisez la gestion de vos produits facilement Gagnez du temps et de l&rsquo;efficacit\u00e9 dans la gestion de vos produits \ud83d\udce6 G\u00e9rer ses produits peut vite devenir un casse-t\u00eate. Entre les stocks, les r\u00e9f\u00e9rences, les fournisseurs et les ventes, il est facile de perdre le fil. Vous \u00eates commer\u00e7ant, responsable de magasin ou chef d&rsquo;entreprise ? [&hellip;]<\/p>\n","protected":false},"author":2,"featured_media":0,"parent":0,"menu_order":0,"comment_status":"closed","ping_status":"closed","template":"","meta":{"footnotes":""},"class_list":["post-9559","page","type-page","status-publish","hentry"],"_links":{"self":[{"href":"https:\/\/mafacture.be\/index.php\/wp-json\/wp\/v2\/pages\/9559","targetHints":{"allow":["GET"]}}],"collection":[{"href":"https:\/\/mafacture.be\/index.php\/wp-json\/wp\/v2\/pages"}],"about":[{"href":"https:\/\/mafacture.be\/index.php\/wp-json\/wp\/v2\/types\/page"}],"author":[{"embeddable":true,"href":"https:\/\/mafacture.be\/index.php\/wp-json\/wp\/v2\/users\/2"}],"replies":[{"embeddable":true,"href":"https:\/\/mafacture.be\/index.php\/wp-json\/wp\/v2\/comments?post=9559"}],"version-history":[{"count":14,"href":"https:\/\/mafacture.be\/index.php\/wp-json\/wp\/v2\/pages\/9559\/revisions"}],"predecessor-version":[{"id":10108,"href":"https:\/\/mafacture.be\/index.php\/wp-json\/wp\/v2\/pages\/9559\/revisions\/10108"}],"wp:attachment":[{"href":"https:\/\/mafacture.be\/index.php\/wp-json\/wp\/v2\/media?parent=9559"}],"curies":[{"name":"wp","href":"https:\/\/api.w.org\/{rel}","templated":true}]}}