{"id":9579,"date":"2024-08-07T14:17:27","date_gmt":"2024-08-07T12:17:27","guid":{"rendered":"http:\/\/mafacture.be\/?page_id=9579"},"modified":"2025-02-03T13:51:15","modified_gmt":"2025-02-03T12:51:15","slug":"commandes","status":"publish","type":"page","link":"https:\/\/mafacture.be\/index.php\/commandes\/","title":{"rendered":"Commandes"},"content":{"rendered":"\t\t<div data-elementor-type=\"wp-page\" data-elementor-id=\"9579\" class=\"elementor elementor-9579\">\n\t\t\t\t<div class=\"elementor-element elementor-element-b4af0a2 e-flex e-con-boxed e-con e-parent\" data-id=\"b4af0a2\" data-element_type=\"container\" data-e-type=\"container\">\n\t\t\t\t\t<div class=\"e-con-inner\">\n\t\t\t\t<div class=\"elementor-element elementor-element-80f9368 elementor-widget elementor-widget-spacer\" data-id=\"80f9368\" data-element_type=\"widget\" data-e-type=\"widget\" data-widget_type=\"spacer.default\">\n\t\t\t\t<div class=\"elementor-widget-container\">\n\t\t\t\t\t\t\t<div class=\"elementor-spacer\">\n\t\t\t<div class=\"elementor-spacer-inner\"><\/div>\n\t\t<\/div>\n\t\t\t\t\t\t<\/div>\n\t\t\t\t<\/div>\n\t\t\t\t<div class=\"elementor-element elementor-element-c2f5f7e elementor-widget elementor-widget-heading\" data-id=\"c2f5f7e\" data-element_type=\"widget\" data-e-type=\"widget\" data-widget_type=\"heading.default\">\n\t\t\t\t<div class=\"elementor-widget-container\">\n\t\t\t\t\t<h2 class=\"elementor-heading-title elementor-size-default\">Commandes<\/h2>\t\t\t\t<\/div>\n\t\t\t\t<\/div>\n\t\t\t\t<div class=\"elementor-element elementor-element-198105c elementor-widget elementor-widget-restly_title2\" data-id=\"198105c\" data-element_type=\"widget\" data-e-type=\"widget\" data-widget_type=\"restly_title2.default\">\n\t\t\t\t<div class=\"elementor-widget-container\">\n\t\t\t\t\t        <div class=\"section-title-wrapper-v2\">\r\n            <div class=\"section-title\">\r\n                                    <span class=\"sub-title-two\"\r\n                                        >Gestion Centralis\u00e9e<\/span>\r\n                                <h2 class=\"section-h2\">Unifiez la gestion de vos commandes clients et fournisseurs<\/h2>\r\n            <\/div>\r\n        <\/div>\r\n        \t\t\t\t<\/div>\n\t\t\t\t<\/div>\n\t\t\t\t\t<\/div>\n\t\t\t\t<\/div>\n\t\t<div class=\"elementor-element elementor-element-5d1fec5 e-flex e-con-boxed e-con e-parent\" data-id=\"5d1fec5\" data-element_type=\"container\" data-e-type=\"container\">\n\t\t\t\t\t<div class=\"e-con-inner\">\n\t\t\t\t<div class=\"elementor-element elementor-element-62abf79 elementor-widget elementor-widget-spacer\" data-id=\"62abf79\" data-element_type=\"widget\" data-e-type=\"widget\" data-widget_type=\"spacer.default\">\n\t\t\t\t<div class=\"elementor-widget-container\">\n\t\t\t\t\t\t\t<div class=\"elementor-spacer\">\n\t\t\t<div class=\"elementor-spacer-inner\"><\/div>\n\t\t<\/div>\n\t\t\t\t\t\t<\/div>\n\t\t\t\t<\/div>\n\t\t\t\t\t<\/div>\n\t\t\t\t<\/div>\n\t\t<div class=\"elementor-element elementor-element-3c8dc82 e-flex e-con-boxed e-con e-parent\" data-id=\"3c8dc82\" data-element_type=\"container\" data-e-type=\"container\">\n\t\t\t\t\t<div class=\"e-con-inner\">\n\t\t\t\t<div class=\"elementor-element elementor-element-685f90b elementor-widget elementor-widget-restly_service_v\" data-id=\"685f90b\" data-element_type=\"widget\" data-e-type=\"widget\" data-widget_type=\"restly_service_v.default\">\n\t\t\t\t<div class=\"elementor-widget-container\">\n\t\t\t\t\t        <div class=\"restly-service-v2-wrapper\">\r\n            <div class=\"restly-service-v2-inner\">\r\n                <div class=\"restly-service-v2-icon\">\r\n                    <i class=\"fab fa-first-order\"><\/i>\r\n                <\/div>\r\n                <div class=\"service-line\">\r\n\t\t\t\t\t<span class=\"bar bar-ani\"><\/span>\r\n\t\t\t\t<\/div>\r\n                <h2 class=\"restly-service-v2-title\"><a href=\"\" target=\"_self\">Commandes centralis\u00e9es<\/a><\/h2>\r\n                <div class=\"restly-service-v2-content\">\r\n                    <p>Avec notre solution ERP sur mafacture.be, centralisez la gestion de vos commandes, du bon de commande au bon de livraison. Toutes vos op\u00e9rations sont synchronis\u00e9es et accessibles de mani\u00e8re intuitive, vous offrant une visibilit\u00e9 compl\u00e8te et en temps r\u00e9el sur vos transactions.\n<\/p>\r\n                <\/div>\r\n            <\/div>\r\n        <\/div>\r\n        \t\t\t\t<\/div>\n\t\t\t\t<\/div>\n\t\t\t\t\t<\/div>\n\t\t\t\t<\/div>\n\t\t<div class=\"elementor-element elementor-element-d74ace3 e-flex e-con-boxed e-con e-parent\" data-id=\"d74ace3\" data-element_type=\"container\" data-e-type=\"container\">\n\t\t\t\t\t<div class=\"e-con-inner\">\n\t\t\t\t<div class=\"elementor-element elementor-element-89a80f3 elementor-widget elementor-widget-text-editor\" data-id=\"89a80f3\" data-element_type=\"widget\" data-e-type=\"widget\" data-widget_type=\"text-editor.default\">\n\t\t\t\t<div class=\"elementor-widget-container\">\n\t\t\t\t\t\t\t\t\t<h3>Avantages Cl\u00e9s \ud83d\ude80<\/h3><p>Notre solution ERP centralis\u00e9e sur mafacture.be offre de multiples avantages qui transformeront votre mani\u00e8re de travailler :<\/p><ul><li>\ud83d\udcd1 <strong>Simplification des processus<\/strong> : Unifiez toutes vos op\u00e9rations de commande dans une interface unique, r\u00e9duisant la complexit\u00e9 et les co\u00fbts associ\u00e9s.<\/li><li>\ud83d\udd0d <strong>Visibilit\u00e9 accrue<\/strong> : Suivez en temps r\u00e9el l&rsquo;\u00e9tat de chaque commande, de l&rsquo;entr\u00e9e au stock jusqu&rsquo;\u00e0 la livraison, garantissant une transparence totale.<\/li><li>\u26a1 <strong>R\u00e9activit\u00e9 am\u00e9lior\u00e9e<\/strong> : R\u00e9pondez plus rapidement aux demandes des clients gr\u00e2ce \u00e0 une meilleure coordination des informations et des ressources.<\/li><li>\ud83d\udcca <strong>Optimisation des stocks<\/strong> : Maintenez des niveaux de stock id\u00e9aux avec un syst\u00e8me qui ajuste automatiquement les quantit\u00e9s en fonction des commandes en cours et pr\u00e9vues.<\/li><li>\ud83d\ude0a <strong>Satisfaction client renforc\u00e9e<\/strong> : Am\u00e9liorez l&rsquo;exp\u00e9rience client en garantissant des d\u00e9lais de livraison rapides et pr\u00e9cis, gr\u00e2ce \u00e0 une gestion logistique efficace.<\/li><\/ul><p>En exploitant ces avantages, mafacture.be ne se contente pas de fournir un outil ; nous offrons une solution compl\u00e8te qui propulse votre entreprise vers de nouveaux horizons de succ\u00e8s et de satisfaction client.<\/p>\t\t\t\t\t\t\t\t<\/div>\n\t\t\t\t<\/div>\n\t\t\t\t\t<\/div>\n\t\t\t\t<\/div>\n\t\t<div class=\"elementor-element elementor-element-50c5e11 e-flex e-con-boxed e-con e-parent\" data-id=\"50c5e11\" data-element_type=\"container\" data-e-type=\"container\">\n\t\t\t\t\t<div class=\"e-con-inner\">\n\t\t\t\t<div class=\"elementor-element elementor-element-087f4b5 elementor-widget elementor-widget-restly_service_v\" data-id=\"087f4b5\" data-element_type=\"widget\" data-e-type=\"widget\" data-widget_type=\"restly_service_v.default\">\n\t\t\t\t<div class=\"elementor-widget-container\">\n\t\t\t\t\t        <div class=\"restly-service-v2-wrapper\">\r\n            <div class=\"restly-service-v2-inner\">\r\n                <div class=\"restly-service-v2-icon\">\r\n                    <i class=\"fas fa-child\"><\/i>\r\n                <\/div>\r\n                <div class=\"service-line\">\r\n\t\t\t\t\t<span class=\"bar bar-ani\"><\/span>\r\n\t\t\t\t<\/div>\r\n                <h2 class=\"restly-service-v2-title\"><a href=\"\" target=\"_self\">Simplifiez la gestion quotidienne<\/a><\/h2>\r\n                <div class=\"restly-service-v2-content\">\r\n                    <p>Imaginez d\u00e9buter votre journ\u00e9e avec une vision claire des commandes \u00e0 traiter, des stocks \u00e0 reconstituer et des livraisons en cours. Que vous soyez un commer\u00e7ant, un fabricant ou un prestataire de services, notre ERP adapte ses fonctionnalit\u00e9s \u00e0 votre rythme de travail et \u00e0 vos besoins sp\u00e9cifiques. La coordination entre les diff\u00e9rents d\u00e9partements devient fluide, r\u00e9duisant ainsi les d\u00e9lais et les erreurs.\n<\/p>\r\n                <\/div>\r\n            <\/div>\r\n        <\/div>\r\n        \t\t\t\t<\/div>\n\t\t\t\t<\/div>\n\t\t\t\t\t<\/div>\n\t\t\t\t<\/div>\n\t\t\t\t<\/div>\n\t\t","protected":false},"excerpt":{"rendered":"<p>Commandes Gestion Centralis\u00e9e Unifiez la gestion de vos commandes clients et fournisseurs Commandes centralis\u00e9es Avec notre solution ERP sur mafacture.be, centralisez la gestion de vos commandes, du bon de commande au bon de livraison. Toutes vos op\u00e9rations sont synchronis\u00e9es et accessibles de mani\u00e8re intuitive, vous offrant une visibilit\u00e9 compl\u00e8te et en temps r\u00e9el sur vos [&hellip;]<\/p>\n","protected":false},"author":2,"featured_media":0,"parent":0,"menu_order":0,"comment_status":"closed","ping_status":"closed","template":"","meta":{"footnotes":""},"class_list":["post-9579","page","type-page","status-publish","hentry"],"_links":{"self":[{"href":"https:\/\/mafacture.be\/index.php\/wp-json\/wp\/v2\/pages\/9579","targetHints":{"allow":["GET"]}}],"collection":[{"href":"https:\/\/mafacture.be\/index.php\/wp-json\/wp\/v2\/pages"}],"about":[{"href":"https:\/\/mafacture.be\/index.php\/wp-json\/wp\/v2\/types\/page"}],"author":[{"embeddable":true,"href":"https:\/\/mafacture.be\/index.php\/wp-json\/wp\/v2\/users\/2"}],"replies":[{"embeddable":true,"href":"https:\/\/mafacture.be\/index.php\/wp-json\/wp\/v2\/comments?post=9579"}],"version-history":[{"count":13,"href":"https:\/\/mafacture.be\/index.php\/wp-json\/wp\/v2\/pages\/9579\/revisions"}],"predecessor-version":[{"id":10058,"href":"https:\/\/mafacture.be\/index.php\/wp-json\/wp\/v2\/pages\/9579\/revisions\/10058"}],"wp:attachment":[{"href":"https:\/\/mafacture.be\/index.php\/wp-json\/wp\/v2\/media?parent=9579"}],"curies":[{"name":"wp","href":"https:\/\/api.w.org\/{rel}","templated":true}]}}